{"id":6,"date":"2014-02-16T19:36:13","date_gmt":"2014-02-16T19:36:13","guid":{"rendered":"http:\/\/dr-kaja.nazwa.pl\/instalator\/wordpress\/?page_id=6"},"modified":"2022-07-17T20:14:14","modified_gmt":"2022-07-17T20:14:14","slug":"czas-wolny","status":"publish","type":"page","link":"https:\/\/dr-kaja.pl\/?page_id=6","title":{"rendered":"Czas wolny"},"content":{"rendered":"<figure id=\"attachment_53\" aria-describedby=\"caption-attachment-53\" style=\"width: 960px\" class=\"wp-caption aligncenter\"><a href=\"http:\/\/dr-kaja.pl\/wp-content\/uploads\/2014\/02\/003-Wiatraki-19.jpg\"><img loading=\"lazy\" decoding=\"async\" class=\"wp-image-53 size-full\" src=\"http:\/\/dr-kaja.pl\/wp-content\/uploads\/2014\/02\/003-Wiatraki-19.jpg\" alt=\"003 Wiatraki (19)\" width=\"960\" height=\"212\" srcset=\"https:\/\/dr-kaja.pl\/wp-content\/uploads\/2014\/02\/003-Wiatraki-19.jpg 960w, https:\/\/dr-kaja.pl\/wp-content\/uploads\/2014\/02\/003-Wiatraki-19-300x66.jpg 300w, https:\/\/dr-kaja.pl\/wp-content\/uploads\/2014\/02\/003-Wiatraki-19-624x137.jpg 624w\" sizes=\"auto, (max-width: 960px) 100vw, 960px\" \/><\/a><figcaption id=\"caption-attachment-53\" class=\"wp-caption-text\">Fot. Tomek Rymarek<\/figcaption><\/figure>\n<p><strong>PODR\u00d3\u017bE<br \/>\n<\/strong>ma\u0142e i du\u017ce&#8230;.wa\u017cne, by w dobrym towarzystwie.<\/p>\n<figure id=\"attachment_54\" aria-describedby=\"caption-attachment-54\" style=\"width: 960px\" class=\"wp-caption aligncenter\"><a href=\"http:\/\/dr-kaja.pl\/wp-content\/uploads\/2014\/02\/006-Wycieczka-Symbolem-62-800x226.jpg\"><img loading=\"lazy\" decoding=\"async\" class=\"wp-image-54 size-full\" src=\"http:\/\/dr-kaja.pl\/wp-content\/uploads\/2014\/02\/006-Wycieczka-Symbolem-62-800x226.jpg\" alt=\"006 Wycieczka Symbolem (62) (800x226)\" width=\"960\" height=\"212\" srcset=\"https:\/\/dr-kaja.pl\/wp-content\/uploads\/2014\/02\/006-Wycieczka-Symbolem-62-800x226.jpg 960w, https:\/\/dr-kaja.pl\/wp-content\/uploads\/2014\/02\/006-Wycieczka-Symbolem-62-800x226-300x66.jpg 300w, https:\/\/dr-kaja.pl\/wp-content\/uploads\/2014\/02\/006-Wycieczka-Symbolem-62-800x226-624x137.jpg 624w\" sizes=\"auto, (max-width: 960px) 100vw, 960px\" \/><\/a><figcaption id=\"caption-attachment-54\" class=\"wp-caption-text\">Fot. Tomek Rymarek<\/figcaption><\/figure>\n<p><strong>SPORT<br \/>\n<\/strong>si\u0142ownia, w\u0119dr\u00f3wki kr\u00f3tsze i d\u0142u\u017csze, zim\u0105-bieg\u00f3wki.<\/p>\n<figure id=\"attachment_55\" aria-describedby=\"caption-attachment-55\" style=\"width: 960px\" class=\"wp-caption aligncenter\"><a href=\"http:\/\/dr-kaja.pl\/wp-content\/uploads\/2014\/02\/02-Valletta-108.jpg\"><img loading=\"lazy\" decoding=\"async\" class=\"wp-image-55 size-full\" src=\"http:\/\/dr-kaja.pl\/wp-content\/uploads\/2014\/02\/02-Valletta-108.jpg\" alt=\"02 Valletta (108)\" width=\"960\" height=\"212\" srcset=\"https:\/\/dr-kaja.pl\/wp-content\/uploads\/2014\/02\/02-Valletta-108.jpg 960w, https:\/\/dr-kaja.pl\/wp-content\/uploads\/2014\/02\/02-Valletta-108-300x66.jpg 300w, https:\/\/dr-kaja.pl\/wp-content\/uploads\/2014\/02\/02-Valletta-108-624x137.jpg 624w\" sizes=\"auto, (max-width: 960px) 100vw, 960px\" \/><\/a><figcaption id=\"caption-attachment-55\" class=\"wp-caption-text\">Fot. Tomek Rymarek<\/figcaption><\/figure>\n<p><strong>KSI\u0104\u017bKI, MUZYKA FILM I MAGIA TEATRU<br \/>\n<\/strong>pasje zaszczepione ju\u017c w dzieci\u0144stwie przez rodzic\u00f3w (aktor\u00f3w teatralnych).<\/p>\n<figure id=\"attachment_56\" aria-describedby=\"caption-attachment-56\" style=\"width: 960px\" class=\"wp-caption aligncenter\"><a href=\"http:\/\/dr-kaja.pl\/wp-content\/uploads\/2014\/02\/1175044_540033099395287_20592108_n.jpg\"><img loading=\"lazy\" decoding=\"async\" class=\"wp-image-56 size-full\" src=\"http:\/\/dr-kaja.pl\/wp-content\/uploads\/2014\/02\/1175044_540033099395287_20592108_n.jpg\" alt=\"1175044_540033099395287_20592108_n\" width=\"960\" height=\"212\" srcset=\"https:\/\/dr-kaja.pl\/wp-content\/uploads\/2014\/02\/1175044_540033099395287_20592108_n.jpg 960w, https:\/\/dr-kaja.pl\/wp-content\/uploads\/2014\/02\/1175044_540033099395287_20592108_n-300x66.jpg 300w, https:\/\/dr-kaja.pl\/wp-content\/uploads\/2014\/02\/1175044_540033099395287_20592108_n-624x137.jpg 624w\" sizes=\"auto, (max-width: 960px) 100vw, 960px\" \/><\/a><figcaption id=\"caption-attachment-56\" class=\"wp-caption-text\">Fot. Maciej Rosi\u0144ski &#8211; Szef Kuchni Restauracji &#8222;Affogato&#8221;<\/figcaption><\/figure>\n<p><strong>GOTOWANIE I WYPIEKI<br \/>\n<\/strong>zaj\u0119cia domowe, codzienne, a jednak czasem pozwalaj\u0105 te\u017c na relaks i wyciszenie my\u015bli.<\/p>\n<p><b>ROZW\u00d3J DZIECI<\/b><\/p>\n<p>Na Fb mo\u017cna znale\u017a\u0107 grup\u0119 <strong>Mama13tek<\/strong> <a href=\"https:\/\/www.facebook.com\/groups\/mama13tek\/\">https:\/\/www.facebook.com\/groups\/mama13tek\/<\/a>, kt\u00f3r\u0105 prowadz\u0119 opisuj\u0105c domanowanie z dw\u00f3jk\u0105 dzieciak\u00f3w, stomatologiczne posty znajd\u0105 Pa\u0144stwo r\u00f3wnie\u017c w zak\u0142adce MAMA13TEK w menu g\u0142\u00f3wnym.<\/p>\n","protected":false},"excerpt":{"rendered":"<p>PODR\u00d3\u017bE ma\u0142e i du\u017ce&#8230;.wa\u017cne, by w dobrym towarzystwie. SPORT si\u0142ownia, &hellip; <\/p>\n","protected":false},"author":1,"featured_media":0,"parent":0,"menu_order":0,"comment_status":"open","ping_status":"open","template":"","meta":{"footnotes":""},"class_list":["post-6","page","type-page","status-publish","hentry"],"_links":{"self":[{"href":"https:\/\/dr-kaja.pl\/index.php?rest_route=\/wp\/v2\/pages\/6","targetHints":{"allow":["GET"]}}],"collection":[{"href":"https:\/\/dr-kaja.pl\/index.php?rest_route=\/wp\/v2\/pages"}],"about":[{"href":"https:\/\/dr-kaja.pl\/index.php?rest_route=\/wp\/v2\/types\/page"}],"author":[{"embeddable":true,"href":"https:\/\/dr-kaja.pl\/index.php?rest_route=\/wp\/v2\/users\/1"}],"replies":[{"embeddable":true,"href":"https:\/\/dr-kaja.pl\/index.php?rest_route=%2Fwp%2Fv2%2Fcomments&post=6"}],"version-history":[{"count":8,"href":"https:\/\/dr-kaja.pl\/index.php?rest_route=\/wp\/v2\/pages\/6\/revisions"}],"predecessor-version":[{"id":963,"href":"https:\/\/dr-kaja.pl\/index.php?rest_route=\/wp\/v2\/pages\/6\/revisions\/963"}],"wp:attachment":[{"href":"https:\/\/dr-kaja.pl\/index.php?rest_route=%2Fwp%2Fv2%2Fmedia&parent=6"}],"curies":[{"name":"wp","href":"https:\/\/api.w.org\/{rel}","templated":true}]}}