{"id":515,"date":"2016-10-19T19:46:03","date_gmt":"2016-10-19T19:46:03","guid":{"rendered":"http:\/\/dr-kaja.pl\/?page_id=515"},"modified":"2022-07-16T19:28:43","modified_gmt":"2022-07-16T19:28:43","slug":"zdrowie","status":"publish","type":"page","link":"https:\/\/dr-kaja.pl\/?page_id=515","title":{"rendered":"ZDROWIE"},"content":{"rendered":"<h2><span style=\"color: #ff0000;\"><strong>Projekt \u201eZDROWIE\u201d<\/strong><\/span><\/h2>\n<p><strong><br \/>\n<\/strong><a href=\"https:\/\/dr-kaja.pl\/wp-content\/uploads\/2015\/05\/SO_HealthGolisano_PL_large.jpg\"><img loading=\"lazy\" decoding=\"async\" class=\"size-medium wp-image-504 alignleft\" src=\"https:\/\/dr-kaja.pl\/wp-content\/uploads\/2015\/05\/SO_HealthGolisano_PL_large-300x142.jpg\" alt=\"\" width=\"300\" height=\"142\" srcset=\"https:\/\/dr-kaja.pl\/wp-content\/uploads\/2015\/05\/SO_HealthGolisano_PL_large-300x142.jpg 300w, https:\/\/dr-kaja.pl\/wp-content\/uploads\/2015\/05\/SO_HealthGolisano_PL_large-768x364.jpg 768w, https:\/\/dr-kaja.pl\/wp-content\/uploads\/2015\/05\/SO_HealthGolisano_PL_large-1024x485.jpg 1024w, https:\/\/dr-kaja.pl\/wp-content\/uploads\/2015\/05\/SO_HealthGolisano_PL_large-624x295.jpg 624w\" sizes=\"auto, (max-width: 300px) 100vw, 300px\" \/><\/a>Je\u015bli jeste\u015b stomatologiem, lekarzem lub technikiem dentystycznym i z ciekawo\u015bci otworzy\u0142a\u015b\/otworzy\u0142e\u015b t\u0119 stron\u0119, po\u015bwi\u0119\u0107 prosz\u0119 chwil\u0119 swojej uwagi na przeczytanie kilku zda\u0144 poni\u017cej. By\u0107 mo\u017ce zapozna\u0142a\u015b\/zapozna\u0142e\u015b si\u0119 ju\u017c z zak\u0142adk\u0105 <a href=\"http:\/\/dr-kaja.pl\/?page_id=10\">OLIMPIADY SPECJALNE<\/a>, a je\u015bli nie to po przeczytaniu co poni\u017cej serdecznie do niej zapraszam.\u00a0Od kilku miesi\u0119cy powstaje\u00a0<span style=\"color: #ff0000;\"><strong>OG\u00d3LNOPOLSKA SIE\u0106 GABINET\u00d3W PARTNERSKICH OLIMPIAD SPECJALNYCH<\/strong><\/span>, kt\u00f3re wspomog\u0105\u00a0leczenie os\u00f3b z niepe\u0142nosprawno\u015bci\u0105 intelektualn\u0105. Olimpiady Specjalne s\u0105 organizacj\u0105 znan\u0105 na ca\u0142ym \u015bwiecie. Podpisuj\u0105c porozumienie\u00a0zostaniesz uhonorowany certyfikatem i\u00a0staniesz si\u0119 cz\u0119\u015bci\u0105 <span style=\"color: #ff0000;\">wyj\u0105tkowej spo\u0142eczno\u015bci.<\/span><br \/>\nDo akcji w\u0142\u0105cza si\u0119 coraz wi\u0119cej plac\u00f3wek. Na stronie <a href=\"http:\/\/www.olimpiadyspecjalne.pl\/\">Olimpiad Specjalnych<\/a>,\u00a0znajdziesz informacje o programie, list\u0119 partner\u00f3w oraz map\u0119 gabinet\u00f3w. Je\u015bli jeste\u015b zainteresowana\/zainteresowany \u2013 zapraszam do <a href=\"http:\/\/dr-kaja.pl\/?page_id=8\">kontaktu<\/a>.<\/p>\n<p>Wi\u0119cej o samej akcji mo\u017cna przeczyta\u0107 w publikacjach:<\/p>\n<p><strong><a href=\"http:\/\/www.infodent24.pl\/newsdentpost\/lekarze-do-zadan-specjalnych-buduja-siec-gabinetow,106324.html\">Lekarze do zada\u0144 specjalnych buduj\u0105 sie\u0107 gabinet\u00f3w<\/a><\/strong><\/p>\n<p><strong><a href=\"http:\/\/www.infodent24.pl\/newsdentpost\/pacjent-niepelnosprawny-intelektualnie-ma-problem-z-dostepem-do-opieki-stomatologicznej,106296.html\">Pacjent niepe\u0142nosprawny intelektualnie ma problem z dost\u0119pem do opieki stomatologicznej<\/a><\/strong><\/p>\n<p><strong><a href=\"http:\/\/www.infodent24.pl\/newsdentpost\/hospicjum-dla-dzieci-im-malego-ksiecia-leczy-zawodnikow-olimpiad-specjalnych,106402.html\">Hospicjum dla Dzieci im. Ma\u0142ego Ksi\u0119cia leczy zawodnik\u00f3w Olimpiad Specjalnych<\/a><\/strong><\/p>\n<p><strong><a href=\"http:\/\/www.dentalradio.pl\/news\/show\/projekt_stomatologiczny_olimpiad_specjalnych_tworzy_ogolnopolska_baze_gabinetow_partnerskich\">Projekt stomatologiczny Olimpiad Specjalnych<\/a><\/strong><\/p>\n<p><strong><a href=\"http:\/\/www.dentalradio.pl\/news\/show\/zdrowy_usmiech_na_olimpiadach_specjalnych\">Zdrowy u\u015bmiech na Olimpiadach Specjalnych<\/a><\/strong><\/p>\n","protected":false},"excerpt":{"rendered":"<p>Projekt \u201eZDROWIE\u201d Je\u015bli jeste\u015b stomatologiem, lekarzem lub technikiem dentystycznym i &hellip; <\/p>\n","protected":false},"author":1,"featured_media":0,"parent":0,"menu_order":0,"comment_status":"closed","ping_status":"closed","template":"","meta":{"footnotes":""},"class_list":["post-515","page","type-page","status-publish","hentry"],"_links":{"self":[{"href":"https:\/\/dr-kaja.pl\/index.php?rest_route=\/wp\/v2\/pages\/515","targetHints":{"allow":["GET"]}}],"collection":[{"href":"https:\/\/dr-kaja.pl\/index.php?rest_route=\/wp\/v2\/pages"}],"about":[{"href":"https:\/\/dr-kaja.pl\/index.php?rest_route=\/wp\/v2\/types\/page"}],"author":[{"embeddable":true,"href":"https:\/\/dr-kaja.pl\/index.php?rest_route=\/wp\/v2\/users\/1"}],"replies":[{"embeddable":true,"href":"https:\/\/dr-kaja.pl\/index.php?rest_route=%2Fwp%2Fv2%2Fcomments&post=515"}],"version-history":[{"count":9,"href":"https:\/\/dr-kaja.pl\/index.php?rest_route=\/wp\/v2\/pages\/515\/revisions"}],"predecessor-version":[{"id":901,"href":"https:\/\/dr-kaja.pl\/index.php?rest_route=\/wp\/v2\/pages\/515\/revisions\/901"}],"wp:attachment":[{"href":"https:\/\/dr-kaja.pl\/index.php?rest_route=%2Fwp%2Fv2%2Fmedia&parent=515"}],"curies":[{"name":"wp","href":"https:\/\/api.w.org\/{rel}","templated":true}]}}